1. List the prime factors of w.
3, 5, 19
Suppose r = -5*w + 29, 3*w = -2*r + 6 + 17. Suppose -5*z = t + 2, -2*z = -4*t + 2*t - 4. Suppose -r*v + z*v = -40. List the prime factors of v.
2, 5
Suppose 4*d + 58 - 222 = 0. Let a = -14 + d. List the prime factors of a.
3
Let d(g) = -g**3 + 3*g**2 - 2*g + 4. What are the prime factors of d(2)?
2
Suppose -4*p + 6*p + 22 = 0. Let v = p - -23. List the prime factors of v.
2, 3
Let m(l) = -l**3 - 7*l**2 + 11*l + 12. Let h be m(-8). Let j = -2 - -4. What are the prime factors of h*(j - 7/2)?
2, 3
Suppose -16 = -2*a - 6. Suppose 19 = a*d - 11. What are the prime factors of d?
2, 3
Let s be (2 - (-20)/(-6))*-3. Suppose -5*b + 1 = 6, 0 = -k - s*b + 1. List the prime factors of k.
5
Let f(d) = -d**3 - 5*d**2 + 2*d - 12. List the prime factors of f(-6).
2, 3
Suppose 4*h = 4*b - h - 304, 0 = -h. List the prime factors of b.
2, 19
Suppose 0 = -2*y - 2*y - 8. Let x(a) = 5*a**2 + 3*a + 2. List the prime factors of x(y).
2
What are the prime factors of 25 - (0 - 4/2)?
3
Let x = 4 - 4. Let h be 0/(x - -4 - 1). Suppose h = 2*u + u - 21. What are the prime factors of u?
7
Let u be 6*1 + (-6)/2. What are the prime factors of u - (-3 + 1 + -1)?
2, 3
Suppose 2*i + 3*m - 47 = -2*i, 3*m + 37 = 2*i. Suppose 15 = i*j - 13*j. What are the prime factors of j?
3, 5
What are the prime factors of (-15)/(-3) + -2 - (-50 - -1)?
2, 13
Suppose a - 245 = -6*a. List the prime factors of a.
5, 7
Suppose 2*k - 7*k + 2*m - 6 = 0, 3*k - 5*m = 4. List the prime factors of (-21)/k - 8/(-16).
11
Let y(d) = -d**3 + 7*d**2 - 5*d - 1. Let g be y(6). Suppose g*i - 20 = 4*z, -4 = z + 4*z - i. Suppose z = 2*s - 5 - 1. What are the prime factors of s?
3
Let t = -20 - -69. List the prime factors of t.
7
Suppose 5*q - 265 = 4*m, 5*q - 2*m - 265 = m. What are the prime factors of q?
53
Suppose 6*f - 1464 = -0*f. List the prime factors of f.
2, 61
Let z(r) = -2*r**3 - r**2 + 3*r. Let p(c) = -c**2 + c + 1. Let o(w) = -2*p(w) + z(w). List the prime factors of o(-2).
2
Suppose 2*t - r - 135 = 0, -5*t = -0*t - 3*r - 337. List the prime factors of t.
2, 17
Let n be 2*-2*5/4. Let d(i) = i**2 + 2*i + 2. Let r be d(n). Suppose 0 = -2*w + r - 1. What are the prime factors of w?
2
Let i(m) = 16*m**2 + m. Suppose -5*j = -0*j + 5. List the prime factors of i(j).
3, 5
Suppose -3 + 663 = 5*p. Suppose 4*h = -4*b + 12, 0 = 4*h - 4 - 0. List the prime factors of ((-1)/b)/((-6)/p).
11
Let u(s) = -s**2 + 3*s - 1. Let c be u(3). Let v = 7 + -3. Let a = v - c. List the prime factors of a.
5
What are the prime factors of (7 + -1)*(-7)/(-14)?
3
Let i = 10 + -5. Suppose 3*j + 44 - 5 = y, 0 = -i*j - 15. List the prime factors of y.
2, 3, 5
Let g(k) = 6 - 4 + 3 - 2*k - 2*k**2. Let x be g(-4). Let v = -8 - x. What are the prime factors of v?
11
Let z be ((-5)/2)/((-2)/4). Suppose 0 = 4*v - v + 6, 5*x - z*v + 30 = 0. List the prime factors of 2*-1 + (x - -32).
2, 11
Suppose -28 = -c - 5*w, 0 = -3*c + 2*c - w + 16. What are the prime factors of c + 6 - (-1 - 0)?
2, 5
What are the prime factors of 2/(-10) - (-4518)/90?
2, 5
Let j(l) = -l**3 + 6*l**2 - 1. Let v be j(6). Suppose -5*x - 6 - 19 = 0. Let g = v - x. List the prime factors of g.
2
Let v be (6/15)/((-2)/90). Let l = v + 28. Let f = -2 + l. What are the prime factors of f?
2
Let z be 35/10 + (-1)/2. Suppose -z*h + 2*h = -29. List the prime factors of h.
29
Suppose 5 - 20 = -3*h, 3*r = -h - 4. Let s(v) = -4*v - 4. What are the prime factors of s(r)?
2
Let r = -1 + 4. Let d = 5 + -1. Suppose 4*i + t = 13, -i = t - r - d. What are the prime factors of i?
2
Suppose 3*s - s = 2*i + 122, -2*s = -5*i - 110. Suppose -7*m + 2*m = -s. What are the prime factors of m?
13
Let t be (-132)/(-10) - 2/10. Suppose -3*m + 3 = f - 2, 5*m - 3*f - t = 0. Suppose -m*s + 54 = 5*i, -3*i = i - 2*s - 36. List the prime factors of i.
2, 5
Let u(z) = z**3 - 15*z**2 - 17*z + 22. What are the prime factors of u(16)?
2, 3
Let h(v) = 6*v. Suppose 2*b - 5 = j, -4*j + 4 - 8 = -4*b. Let r be h(j). Let a = -12 + r. What are the prime factors of a?
2, 3
Suppose -10 = 5*f - 0, 262 = 2*r - f. Suppose 2*w + r = 7*w. List the prime factors of w.
2, 13
Let i = -109 + 51. Let m = i + 88. What are the prime factors of m?
2, 3, 5
Let n(o) = o**3 - 2*o**2 - 5*o + 4. Let t be n(4). Let b = 28 - t. Suppose -3*s + s = -b. What are the prime factors of s?
2, 3
Let a(y) = 22*y + 7. What are the prime factors of a(5)?
3, 13
Suppose -2*c + 43 + 3 = 0. List the prime factors of 4 + -3 + 1 + c.
5
Let l(i) = i**2 + i - 2. Let q be l(-3). Suppose -3*g - 6 = 3*h, 2*h - q*h - 4*g - 2 = 0. Let o = 6 + h. What are the prime factors of o?
3
Let x = 63 - 19. Let j = x + -25. What are the prime factors of j?
19
Let o(z) = z**2 - z + 2. Let t be o(0). Let n(r) = 6*r**2 + 4*r - 3. List the prime factors of n(t).
29
Suppose o + 2*x + 0 - 4 = 0, 0 = 3*x + 15. List the prime factors of (5/(-2))/((-7)/o).
5
Let l(j) = 10*j + 3. Let s be l(-7). Let v = s - -97. List the prime factors of v.
2, 3, 5
Suppose -3*m + 9 = -z - 11, 5*z + 4 = -m. Suppose 3*x - 2*a + m = 2*a, 3*a = 5*x + 10. What are the prime factors of (25/10)/((-1)/x)?
5
Let t(d) = -3*d**2 - 10*d + 7. Let v(r) = 8*r**2 + 29*r - 20. Let q(k) = 11*t(k) + 4*v(k). Let u be q(4). What are the prime factors of 10/1 + u + -3?
2, 3
Let p be ((-1)/(-3))/(2/(-42)). Let h = p + 12. List the prime factors of h.
5
Let a(j) = -j**2 - 12*j - 1. Let o be (12*-2)/3 + 0. What are the prime factors of a(o)?
31
Suppose 2*k = -2*t + 170, 0 = 4*t - 2*k - 16 - 318. List the prime factors of t.
2, 3, 7
Suppose -k + 1 = 4*f, 4*f + k - 16 = -3*k. Let s(u) = -4*u - 1. What are the prime factors of s(f)?
3
What are the prime factors of (12 - -105) + (2 + 0 - 0)?
7, 17
Let c = -8 + 19. Let t = c - 6. List the prime factors of t.
5
Let s be (-9)/(-1) - (3 - 2). Suppose 4*z - 23 = 5*y - s, 2*z - y - 15 = 0. Let l = 25 - z. What are the prime factors of l?
3, 5
List the prime factors of 2 + 6 + -2 + 92.
2, 7
Suppose 4*d - 28 - 4 = 0. Suppose 0 = 4*o - d, o = h + 2*h + 26. Let i = 16 + h. What are the prime factors of i?
2
Let n(p) = 2*p - 4. Let y be n(-2). Let b = 16 + y. List the prime factors of b.
2
Suppose 2*z - 4*f - 8 = 6*z, 5*z = -2*f + 5. Suppose -z*d = -5*d + 38. What are the prime factors of d?
19
Let n(k) be the third derivative of k**4/24 + 4*k**3/3 + 3*k**2. Let v be n(-6). List the prime factors of v + 9 - 2/1.
3
Let d(l) = -26*l**3 + 1. Let u be (-5)/(-25) - (-6)/(-5). What are the prime factors of d(u)?
3
Let b(s) = -s - 3. Let l be b(-10). Let k = l - -12. List the prime factors of k.
19
Let l(n) = 2*n**2 + 4. List the prime factors of l(-3).
2, 11
Let m = 4 + 3. Suppose -y + 19 = -m. What are the prime factors of y?
2, 13
Suppose -f + 346 = 3*h, 7*f + 358 = 3*h + 2*f. What are the prime factors of h?
2, 29
Let r(m) = 3*m**2 + 1. Suppose -2*o - 2*o - 4*n = -36, 0 = -3*o + 3*n - 3. Suppose -o*g = -2 - 6. What are the prime factors of r(g)?
13
Let g(m) = m**3 + 9*m**2 - 8*m + 14. Suppose 2*a + 38 = -4*w, 0 = 3*w - 8*w + 5*a - 55. Let p be g(w). Let b = -3 - p. What are the prime factors of b?
3
Suppose -1295 = -12*v + 7*v. List the prime factors of v.
7, 37
Let f = -14 - -3. Let g = 5 + -5. Let k = g - f. What are the prime factors of k?
11
Suppose 0*c - 12 = 4*c, -2*n - 2*c = 16. Let b be (-6 - n)/((-1)/(-7)). List the prime factors of (-93)/b + 6/(-21).
13
Suppose -5*j + 28 = 8. Let g = 8 - j. Suppose -g*b = -7*b + 18. List the prime factors of b.
2, 3
Let n = 6 + -8. List the prime factors of 81/1*n/(-3).
2, 3
Let k = 14 + -20. What are the prime factors of ((-13)/2 + 0)*k?
3, 13
Let w = -6 + 24. Suppose w - 3 = 5*n. List the prime factors of n.
3
Suppose 490 = 21*y - 16*y. What are the prime factors of y?
2, 7
Suppose c = 4*l + 14, -5*l = 3*c - 2*c - 14. What are the prime factors of c?
2, 7
Suppose 7*g - 6 = 4*g. What are the prime factors of (-1 + g)*(-2 - -7)?
5
Let f = 5 + 2. Let o(r) = r**3 - 7*r**2 - 6*r - 2. Let w be o(f). What are the prime factors of 2 + -5 - w/2?
19
Let l(n) = -17*n - 35. List the prime factors of l(-16).
3, 79
Let s(b) = 5*b + 1 + 2 - 5. What are the prime factors of s(5)?
23
Let r be 2 - (-1*68)/1. Suppose -d - 4*d = -y - 40, -5*y + r = 5*d. Let a = 20 - d. List the prime factors of a.
11
Let n(r) = 6*r - 2. Let